 - t. What are the prime factors of -1 + 0 + u - -9?
3
Suppose 4*w - 10 = 2. Suppose w*m - 26 + 5 = 0. What are the prime factors of m?
7
Let m = 2 + 4. Let c(g) = 3*g - 9. List the prime factors of c(m).
3
Let r be 10/(-6)*(-1 - 5). Suppose -4*a - 2*j + 170 = 0, -5*j = -3*j + r. What are the prime factors of a?
3, 5
Suppose 3*q + 1 = 2*i - 10, -4*i + 17 = -5*q. Let p = i + 5. What are the prime factors of p?
3
Let t(y) = y**2 - 2*y + 8. Let m be t(-4). Suppose 0*g = 3*g + 18. What are the prime factors of (g/(-4))/(6/m)?
2
Let v = 66 - 46. Suppose 2*g - 4 = v. What are the prime factors of g?
2, 3
Let q = -23 + 35. Suppose -4*u + 5*f = 2*f - 22, 0 = 4*u + 2*f - q. List the prime factors of u.
2
Let t = -3 + -7. List the prime factors of (t - 20)*(-2)/5.
2, 3
Let f = 101 + -82. What are the prime factors of f?
19
Let c(i) = 4*i + 3. Let o be c(-3). Let f(s) = s**2 + 7*s - 7. List the prime factors of f(o).
11
Suppose 0 = -7*k + 3*k + 40. Suppose 0*h - k = -h. What are the prime factors of h?
2, 5
Suppose 4*s - 3*r = r + 12, -27 = -5*s - r. Suppose 0 = 3*t + s*n + 11 - 142, -2*t + 3*n = -100. What are the prime factors of t?
47
Let t = -4 - -12. Let i(d) = -d + 11. What are the prime factors of i(t)?
3
Let p(g) = 0 + 0*g - g**2 - g + 1. Let o(f) = f**3 - 11*f + 11. Let v(t) = o(t) - 5*p(t). What are the prime factors of v(-6)?
2, 3
Suppose -260 = -2*n - 3*n. What are the prime factors of ((-7)/14)/((-1)/n)?
2, 13
Suppose 3*m + 6*q - q - 293 = 0, q = 5*m - 507. List the prime factors of m.
101
Let p(t) = -4*t**3 + 2*t + 1. Let v be p(-1). What are the prime factors of v/(0 - -3)*13?
13
Suppose -p + 0*p = -60. Suppose 2*a - 43 = -3*u, -3*a + 0*u = 3*u - p. What are the prime factors of a?
17
Let r = -13 + 15. Suppose 0 = -0*l + l + 2*i - 24, -40 = -3*l + r*i. What are the prime factors of l?
2
Suppose y = -4*y + 260. List the prime factors of y.
2, 13
Suppose 3*n = 4*n - 12. Let o = n - 7. List the prime factors of o.
5
Let p(c) = -c**2. Let y be p(1). Let o be (10/30)/(y/3). Let d(s) = -11*s**3 - s**2 - s - 1. What are the prime factors of d(o)?
2, 5
Let k(m) = m**3 + 9*m**2 - 16*m - 2. What are the prime factors of k(-10)?
2, 29
Let a(j) = -j**3 - 5*j**2 - j. Suppose -3*g = 32 + 7. Let y = -18 - g. What are the prime factors of a(y)?
5
Let m be (-2)/9 + (-346)/(-18). Suppose 0 = -5*j + 11 + m. Suppose 0 = 3*c - c - j. What are the prime factors of c?
3
Suppose -3*g + 54 = -30. Let s = -18 + g. Let j = s - -2. List the prime factors of j.
2, 3
Suppose 0*r + 5*r = 15. Suppose -4*j + 5*s - 165 = 0, -r*j + 81 = -5*j + 3*s. List the prime factors of 5/(j/(-12))*12.
2
Let c(y) = -y**3 - 7*y**2 - y - 9. Let g be c(-7). Let n be -3*((-8)/6 - g). What are the prime factors of 12 + n - (3 + -1)?
2
Let s(i) = -i - 3. Let h be s(-3). Suppose h*v - v - 5 = 5*d, 4*v = 20. List the prime factors of 0 + (-1)/(1/d).
2
Suppose 0 = -2*s + 4 - 0. Suppose -s*y = 2*y + 36. Let l = y + 13. List the prime factors of l.
2
Let y(b) = 6*b - 4. Suppose -4 = -a - 2. List the prime factors of y(a).
2
Let d be (0 + (-3)/(-6))*0. Suppose 3*c = 2*c + 3. Suppose d = -2*p - c*p + 40. What are the prime factors of p?
2
Let u(l) = -2*l**3 + 11*l**2 - l - 5. Let n(t) = -t**3 + 6*t**2 - 3. Let m(c) = 5*n(c) - 3*u(c). List the prime factors of m(2).
2
Suppose -2*j - 3*j + 4*w = -1632, -4*j = 3*w - 1318. List the prime factors of j.
2, 41
Let g be 2/5 + 12/(-5). Let z = 7 - g. What are the prime factors of z?
3
Let r = 27 - 22. Suppose r*k = -f + 10, f + 5*k = -4*f + 50. List the prime factors of f.
2, 5
Let x be (-2)/13 - 2/(-13). Suppose -i - 5*s + 38 = x, i - 3*s - 8 = 2*s. List the prime factors of i.
23
Let f = 91 - 24. Let s = -42 + f. Let a = s - 13. List the prime factors of a.
2, 3
Let g = -5 - -9. Suppose -m - 5*s + 8 = 0, 0*m - m - g*s = -9. List the prime factors of m.
13
Suppose 3*q + 954 = 9*q. List the prime factors of q.
3, 53
Suppose 18 = -i - 8*o + 3*o, 3*i + o = 2. Suppose 4*n - 12 = -h, -n - 44 = -i*h - 4*n. What are the prime factors of h?
2, 7
Let t(q) = -3*q**3 + 0*q - q + 3*q**3 + 4 + 7*q**2 + q**3. List the prime factors of t(-7).
11
Suppose -6*i - 4 = -8*i. Suppose -74 = -4*y + i*y. What are the prime factors of y?
37
Suppose 0 = 4*o - 4*q - 432, -5*o + q = -132 - 400. List the prime factors of o.
2, 53
Suppose -3*d - 7 = -1, -3*r - 5*d - 40 = 0. Let m = -6 - r. Suppose -m*w + 39 = -33. List the prime factors of w.
2, 3
Suppose 3*k - 25 = -3*y - k, 4*k = y + 13. Let a = y + -6. What are the prime factors of 21*(a/9)/(-1)?
7
Suppose -g + 6*g + 710 = 0. Let r = -100 - g. List the prime factors of r.
2, 3, 7
Let m = -12 + 39. What are the prime factors of m?
3
What are the prime factors of ((-2)/(-8))/(-1) + 16520/160?
103
Let h(g) = 2*g**2 + 6*g + 4. Let n be h(-7). Suppose -2*c + 4*p + 4 = 0, -n = -4*c - 0*p - 5*p. What are the prime factors of 1/(-2) - c/(-4)?
2
Let k(r) = r**3 - 6*r**2 + 2*r - 9. Let v be k(6). Let d(q) = -q**3 + 3*q**2 + 2*q - 2. What are the prime factors of d(v)?
2
Let t = -17 - -31. Let v(z) = 2*z - 13. List the prime factors of v(t).
3, 5
Let q be (-9)/2*2/(-3). Let v = -10 + q. Let d(x) = -2*x - 2. List the prime factors of d(v).
2, 3
Let t(o) be the second derivative of o**6/120 + o**5/60 - o**4/24 + o**3 - o**2/2 - o. Let h(p) be the first derivative of t(p). List the prime factors of h(0).
2, 3
Let k = -1 + 5. Suppose k*u - 19 = 69. What are the prime factors of u?
2, 11
Let m be (24/(-7))/(2/(-21)). Suppose 0 = -6*g + 3*g + 150. Let c = g - m. What are the prime factors of c?
2, 7
Let c be -4 + 6/(-3) + 5. Let o = 10 - c. List the prime factors of o.
11
Suppose -2*j + j + 51 = 0. Suppose -3*s - 3*a + j = -0*s, -a - 31 = -2*s. List the prime factors of s.
2
Let y = -11 + 44. What are the prime factors of y?
3, 11
Suppose 2*l + 0*l = 82. Let y = l - 19. What are the prime factors of y?
2, 11
Suppose -110 = 5*w + 5. Let b be (-2 - 1*w)/1. What are the prime factors of 69/b - (-2)/(-7)?
3
Suppose 340 = -5*l + 10*l. What are the prime factors of l?
2, 17
Let w(r) = -r**3 + r + 1. Let y be w(-2). Suppose 0 = y*z - 3*z - 5*p + 24, -5*p + 18 = 2*z. Let g = z + 6. What are the prime factors of g?
5
Let g be 8/(-10)*75/10. Let a = 1 - -2. Let p = a - g. List the prime factors of p.
3
Suppose 3*n - 257 = -2*u - 2*u, -5*u = -5*n - 295. List the prime factors of u.
2, 31
What are the prime factors of (1 - -58)*-1*-1?
59
Let q(t) = -t**2 + 6*t - 3. List the prime factors of q(5).
2
Let b = 39 - 21. Let r = -6 + b. List the prime factors of r.
2, 3
Suppose 0 = -2*i + 4*i - 40. List the prime factors of i.
2, 5
Suppose -14*u - 100 = -18*u. List the prime factors of u.
5
Suppose -4*x + 4 = -36. Let i = -8 + 11. Let y = i + x. List the prime factors of y.
13
Suppose 5*n - 344 = -84. What are the prime factors of n?
2, 13
Suppose f - q + 4 = 0, -5*f + 3*q - 28 = -0*f. Let a(r) = r + 7. Let c be a(f). Let z(w) = -12*w**3 - w**2 - 2*w - 1. List the prime factors of z(c).
2, 3
Suppose z = -4*z + 5. Let s(k) = -4*k + 1. Let l be s(z). What are the prime factors of 3 + (-4 - l)*-3?
2, 3
Let h(n) = n + 8. Let f be h(-6). Let y(k) = 3*k**2 + 5*k**2 - 3*k + f*k. List the prime factors of y(-1).
3
Let v(o) = -o**2 + 8*o - 3. Let a be v(6). Suppose -3*d + 9 - 46 = -5*j, -j + d + a = 0. What are the prime factors of j?
5
Suppose 3*x + 8 = 2. Let b be (-1 - 1) + (3 - x). Let y = b - -5. List the prime factors of y.
2
Suppose 2*p - 1 = 23. List the prime factors of p.
2, 3
Suppose 0 = 4*f + 4, -l - 2*f + 0*f = -18. Suppose l = -3*u + 104. List the prime factors of u.
2, 7
Let r(v) = 3*v**3 - 2*v**2 + 3*v - 2. List the prime factors of r(2).
2, 5
Let l be 1/(-2) + (-10)/4. Let r be 8/(-1*(l + 2)). Let k = 0 + r. What are the prime factors of k?
2
Let d(f) = -f**3 - f**2 - 3*f + 2. Let o be d(2). Let w = -11 - o. What are the prime factors of w?
5
Suppose -3*z - 12 = 5*a + 47, 15 = -3*a + 5*z. Let w = -7 - a. Suppose -5*b = 15, -w*b + 15 = 5*j - 6. What are the prime factors of j?
2, 3
Let y be 38/(4*1/4). Let g = -22 + y. What are the prime factors of g?
2
Suppose 0 = -0*g + g - 59. List the prime factors of g.
59
Let h(x) = 29*x + 4. Let k be h(-4). Let b be k/(-5) - 8/20. Let t = b - 12. What are the prime factors of t?
2, 5
Suppose -522 = -2*z - 4*s, -343 